d**2 - 63*d + 23. List the prime factors of p(7).
20113
List the prime factors of 12/8*160/(-48)*-1444.
2, 5, 19
Let n(g) = g**3 - 10*g**2 - 12*g + 14. Let o be n(11). What are the prime factors of o + -3 - 952/(-4)?
2, 7, 17
Suppose 0*n - n - 5*h = -315, 2*n - 3*h = 604. Suppose 6*p = 3*y + p + n, 3*y = -4*p - 323. Let c = y + 215. List the prime factors of c.
2, 5, 11
Suppose -n - 5*m + 31 = 0, 4*n + 0*n - 124 = -m. Suppose -5*q - n = -2601. List the prime factors of q.
2, 257
List the prime factors of 120434/22 - (-15)/(-55).
2, 7, 17, 23
Let d = -45666 + 82598. What are the prime factors of d?
2, 7, 1319
Let r = -93 + 98. Suppose -5*d = r*v - 1690, d = -3*v - 4*d + 1024. List the prime factors of v.
3, 37
Suppose -x + 17*m + 55437 = 20*m, -m = 2*x - 110904. List the prime factors of x.
3, 5, 3697
Suppose -154 = -4*m - 2*n, -5*n + 114 = 3*m - 4*n. Suppose 2*a - m - 55 = 0. Let v = 49 - a. List the prime factors of v.
3
Suppose 4*v = -3*c + 158, -5*c + 4*v + 274 = -0*c. Let u = 56 - c. Suppose 0 = -u*n - 3*n + 515. List the prime factors of n.
103
Let t(a) = 8*a + 33. Let q = 30 - 8. Suppose 3*k = -2*l + 16 + q, 22 = 2*k + 2*l. List the prime factors of t(k).
7, 23
Let r = -18065 - -38132. List the prime factors of r.
3, 6689
Let t be (-2 - -450 - -4)*4. Suppose 11*c - 1943 - t = 0. What are the prime factors of c?
11, 31
Suppose q - 90 = 4*q - 5*z, 4*q = -3*z - 149. What are the prime factors of (1 + 142)/((-35)/q)?
11, 13
Suppose -a = -265 - 606. Let o = a - 385. What are the prime factors of o?
2, 3
Suppose -4734 - 1906 = 5*t. Let b(c) = c - 8. Let k be b(6). What are the prime factors of k/20*4 + t/(-20)?
2, 3, 11
Let d(s) = 139*s**2 - 97*s - 533. List the prime factors of d(-7).
3, 773
Let j(o) = -4*o - 36. Let u be j(-10). Suppose 4*c - 12 = -u*v, -4*v + c + 12 = -25. Suppose -750 = -v*g - 2*g. What are the prime factors of g?
3, 5
Suppose -121 = -7*i + 6*i. Suppose 0 = -5*c, 2*s + 11*c = 6*c - 140. Let k = s + i. What are the prime factors of k?
3, 17
Let y = 196 - 160. Let s = 160 - y. List the prime factors of s.
2, 31
Let r(a) = 48*a**2 + 62*a - 6. Let i be r(-8). Suppose -m + 2*k + 650 = 0, m - 5*m + i = -2*k. What are the prime factors of m?
2, 5
Suppose 423*x - 3497091 = -1230657. What are the prime factors of x?
2, 3, 19, 47
Let t(d) = -3*d**3 - 44*d**2 - 43*d + 34. What are the prime factors of t(-18)?
2, 11, 23
Let o(m) = -4*m**3 + m**2 + m - 1. Let a be o(-1). Let v be a - (-36)/((-8)/(-2)). Suppose 11*y = v*y - 69. What are the prime factors of y?
3, 23
Suppose 2*j - 51 = -z, -2*z + 36 = -4*j - 90. Let h = 61 - z. Suppose -5*t - 146 + 527 = s, 299 = h*t - 5*s. What are the prime factors of t?
2, 19
Suppose 4*k = 458 + 162. Suppose -7*f + 755 = -k. What are the prime factors of f/15*(0 - -9)?
2, 3, 13
Let l = -4204 + 2548. Let f(p) = 4*p**2 + 22*p - 79. Let m be f(-8). List the prime factors of (8/6 - m)/((-12)/l).
2, 23
Suppose 105 + 15 = -4*m. List the prime factors of (10/(0 + m))/(2/(-2826)).
3, 157
Suppose 40 = 14*i - 30. Suppose -i*y + 40 = -0*y. Let j = 123 - y. What are the prime factors of j?
5, 23
Suppose -82*z - 98091 = -46*z - 45*z. What are the prime factors of z?
3, 7, 173
Suppose -78*n + 15985 = o - 79*n, 4*n + 15994 = o. List the prime factors of o.
2, 61, 131
Suppose 5*i = -i + i. Suppose 9*j - j + 1960 = i. Let v = j + 496. What are the prime factors of v?
251
Let t(y) = -8*y - 42. Let d be t(-14). Suppose -1336 = d*w - 78*w. List the prime factors of w.
167
Suppose -4*k = 4*f + 36, 39 = 24*f - 29*f - 3*k. List the prime factors of 10/(-6 + 2127*f/(-2124)).
2, 5, 59
Let i = 31631 - 21467. Suppose -3*f + i = 19*f. What are the prime factors of f?
2, 3, 7, 11
Let b = -49 + 58. Suppose b*v + 1 = 10*v. List the prime factors of 6 + (-213)/(-2) - v/(-2).
113
Suppose -a = 4*r - 20, -4*r + 2*a + 15 = -17. Let v(q) = 30*q + 56. List the prime factors of v(r).
2, 59
Let p be (-858)/(-273) + (-1)/7. Suppose -p*u = -u - 458. List the prime factors of u.
229
Let s(f) = 85*f + 383. Let r(q) = -41*q - 192. Let l(g) = 5*r(g) + 2*s(g). List the prime factors of l(-15).
331
Let d = -19 - -21. Suppose -q + 312 = 3*m, -d*m + 312 = q - 0*m. What are the prime factors of q?
2, 3, 13
Suppose 0 = 4*l + l + t - 7012, -2*t + 2808 = 2*l. Let x = l + -924. What are the prime factors of x?
2, 239
Let h = -205 - -208. Suppose 1183 = 5*y + 3*s, 5*y - h*s - 1188 + 11 = 0. What are the prime factors of y?
2, 59
Suppose -y + 12*y - 77 = 0. Suppose -y = -4*a + 1. Suppose -5*r = -t + 78, -a*t + r + 3*r = -138. What are the prime factors of t?
3, 7
Let d be 3391/5 - 52/260. Suppose 9*c - d - 1761 = 0. List the prime factors of c.
271
Suppose -6*u = -u - 2*u. Suppose u*v = x + 4*v - 1467, -v = -x + 1467. What are the prime factors of x?
3, 163
Let p be ((-20)/8)/(-2*4/336). Let a = 97 - p. What are the prime factors of -3*131/12*a?
2, 131
Suppose 57694 = 21*g - 60536. Suppose -g = 60*b - 65*b. List the prime factors of b.
2, 563
Suppose 3*r = -2*x - x - 693, 689 = -3*x + r. Let p = -148 - x. List the prime factors of p.
2, 41
What are the prime factors of (-32)/464 - (-5279470)/290?
5, 11, 331
Suppose -2*l - 5*v - 424 = 378, 4*l + 2*v + 1620 = 0. Let a = l + 1251. List the prime factors of a.
5, 13
Let r(m) = m**2 - 3*m + 8. Let q be r(3). Suppose 9*p - 394 = q*p. What are the prime factors of p?
2, 197
Let g = -29115 - -56966. What are the prime factors of g?
27851
Suppose -7708 = -s + 3*n, 15395 = 55*s - 53*s + n. List the prime factors of s.
7699
List the prime factors of (5 - 1)*(7074/14)/(28/98).
2, 3, 131
Suppose 10*k + 773 = 5493. Suppose -4 = -6*v + 5*v. Suppose 3*p + v - 1 = 0, -k = -5*f - 3*p. What are the prime factors of f?
5, 19
Suppose -v - 22 = 4*w, -2*v - 7 = -3*w - 29. Let d(i) = 23*i - 12. Let x(j) = -24*j + 11. Let r(f) = w*x(f) - 7*d(f). What are the prime factors of r(-6)?
2, 3, 5
Let u = -23166 - -32864. List the prime factors of u.
2, 13, 373
Let b(s) = 56*s - 3. Let v be b(3). Let l = -24 + v. Suppose -2 = 2*j, -3*j = -0*z + 2*z - l. What are the prime factors of z?
2, 3
Suppose 5*y + 5 = 5*o, o = 6*o - 25. Suppose -12*h + 5*q = -14*h + 187, -4*q = -y*h + 416. What are the prime factors of h?
101
Let t(s) = 119*s**2 - 126*s**2 + 4*s + 0*s + 10 + 5*s + 16*s**3. What are the prime factors of t(4)?
2, 479
Let f be 1*27/15 + 1/5. Suppose 0 = 5*o + v - 1706, f*o + 214 - 894 = 2*v. List the prime factors of o.
11, 31
Let j(f) = -43*f + 194. Let h be (1 - (-224)/(-21))*(0 - -3). List the prime factors of j(h).
11, 131
Suppose 14 = -2*a, -2234 = 4*b - 7*a - 33815. List the prime factors of b.
7883
Suppose 4*u = 3*i + 29 - 12, 0 = i + 3. Let f(m) = 44*m**3 + 6*m**2 - 4*m - 8. List the prime factors of f(u).
2, 3, 5
What are the prime factors of (-4)/14 - 1*-3*93699/189?
1487
Let q(p) = 110*p + 31. Let b be q(3). Suppose -3*n = -1165 + b. What are the prime factors of n?
2, 67
Suppose -341*v + 4459209 + 2056619 = 0. What are the prime factors of v?
2, 17, 281
Let i(x) = -x**2 + 1. Let r be (28/6 - 4)/(4/6). Let g(k) = -10*k - 3. Let v(a) = r*g(a) - 2*i(a). List the prime factors of v(9).
67
Suppose -39*p = -69*p + 32*p - 77442. What are the prime factors of p?
3, 12907
Let f(b) = 37 - 17 + 22 + 52*b + 35. List the prime factors of f(6).
389
Let m = 43 + 239. Let u = -156 + m. Let s = 287 - u. What are the prime factors of s?
7, 23
Let f(x) = -4*x - 17. Let i be f(-9). Let u(c) = -c**2 + 70*c - 19. List the prime factors of u(i).
2, 5, 19
Suppose a - 13 - 90 = 0. Let p = a - 97. List the prime factors of 5 + p/(-2) + 30.
2
Let z(n) = 1001*n**2 - 12*n + 9. What are the prime factors of z(4)?
13, 1229
Suppose -5*i = -0*d + 3*d + 30, -2*d + 2*i - 4 = 0. What are the prime factors of (2841/(-6))/(((-5)/(-2))/d)?
947
Suppose -2524412 = -169*s + 6438547 - 1418799. What are the prime factors of s?
2, 3, 5, 31
What are the prime factors of 535*22/(-110)*-177?
3, 59, 107
Let h = -6417 - -8631. List the prime factors of h.
2, 3, 41
Suppose 4*n = -32 - 148. Suppose -q - 2*z + 9 = 0, 0*q + 3*q = -z + 7. Let l = q - n. List the prime factors of l.
2, 23
Suppose -4*c = 16, -3*j - 5*c - 19 = -11. Suppose -3*p - 3*y + 2050 = -1067, j*p - y = 4141. What are the prime factors of p?
2, 7, 37
Let p(f) = 133*f**2 - 24*f + 3. Let n be (-242)/77 - 